t = -11 + l. Suppose -3*p = -4*p + t. What are the prime factors of p?
3, 5
Let j(b) = -b**2 - 37*b - 63. What are the prime factors of j(-27)?
3, 23
Let p = 6624 + -1713. List the prime factors of p.
3, 1637
Suppose -a + 12 = a + 3*m, 16 = 4*a + 4*m. Suppose a*p + 2*p = 310. What are the prime factors of p?
5, 31
Let b(v) = 5*v**2 - 85*v - 3. Let n(k) = 2*k**2 - 28*k - 1. Let d(o) = 3*b(o) - 8*n(o). What are the prime factors of d(-18)?
233
Suppose 3*s = 4*s. Let o be s*((-16)/(-4))/8. List the prime factors of -20*(o - -2 - 4).
2, 5
Let c(o) = o**2 + 2*o - 7. Let d be c(5). Let z = d - 5. Suppose -4*s = -z - 41. List the prime factors of s.
2
Suppose -2*r - 2 = 4*y - 26, 44 = 4*r + 4*y. What are the prime factors of (-988)/(-15) - r/(-75)?
2, 3, 11
Suppose -2*h + 19208 = 4*m, 8126 = -4*m - 5*h + 27322. What are the prime factors of m?
2, 1201
Let r be ((-2)/15 - 78/90)*-7. Let g(p) = 8*p + 6. List the prime factors of g(r).
2, 31
Let i = -566 - -1393. List the prime factors of i.
827
Let c = 6591 - 3195. List the prime factors of c.
2, 3, 283
Let b = 512 + 50. Let g = -324 + b. What are the prime factors of g?
2, 7, 17
Let x = 789 - 727. List the prime factors of x.
2, 31
Let d = 47 + 287. List the prime factors of d.
2, 167
Suppose -43*l + 25*l + 7308 = 0. What are the prime factors of l?
2, 7, 29
Suppose -3*g + g + 16 = 3*s, -20 = -4*g. Suppose r = -5*z - 44, 4*r + 0 - 22 = s*z. List the prime factors of z*2*(-3)/18.
3
Suppose -19 = 5*w + b, 4*w + 20 = -0*b - 2*b. List the prime factors of (((-24)/(-10))/w)/(2/(-460)).
2, 23
Let p = 1056 + -1527. Let t = p + 323. What are the prime factors of 4/(-6) - t/6?
2, 3
Let n = 11 - 9. Let p be 100/6 - n/3. Suppose -p = -4*f + 4. What are the prime factors of f?
5
Let i = -46 - -34. List the prime factors of i/(-4 + (-148)/(-38)).
2, 3, 19
Let x be (0 - 2/(-3))*18. Suppose 5*q = q + x. Suppose -v + 2*f = -3*v + 24, 0 = q*f - 12. List the prime factors of v.
2
Let v(n) = 14*n + 2. Let z be -9*3/(-18)*-6. Let l be (z + -1)*2/(-5). What are the prime factors of v(l)?
2, 29
Let k(n) = n**3 + 7*n**2 - 8*n - 13. Let d be k(-7). Suppose 0 = -8*y + 123 - d. What are the prime factors of y?
2, 5
Let x be 2/9 - 399/(-27). Suppose 4*v = -3*n + x, 2*v - 4*n - 24 = -0*v. Suppose 2*i - 2 + v = 0, 5*i = -5*c + 35. List the prime factors of c.
3
Let i = -370 - -449. List the prime factors of i.
79
Let u = 30 + -28. Suppose 40 = -u*m + 252. Suppose -3*y + m = -35. What are the prime factors of y?
47
Suppose 3*g - 2*g + 11 = 0. List the prime factors of (-2627)/g - 26/(-143).
239
Suppose -4*q = -v - 10473, 2*v + 7851 = 28*q - 25*q. List the prime factors of q.
3, 97
Suppose 30*d + 37548 = 66*d. What are the prime factors of d?
7, 149
Let q be (-130)/(-4) + (-1)/2. Let p be (2/(-3))/(6/(-45)). Suppose 4*i - 2*v - 64 = 2*v, -2*i + q = -p*v. List the prime factors of i.
2
Suppose -10*a = -8*a - 244. List the prime factors of a.
2, 61
Suppose 99 = 6*h - 3*h. Let l = h + -17. What are the prime factors of l?
2
Suppose -z - 14 = -n - 3*z, -n - 3*z + 17 = 0. Suppose -5*u + 3*b + 410 = n*b, u = 4*b + 67. List the prime factors of u.
79
Let s = 26 + -22. Suppose 0 = -s*v, 2*f - 2*v = -f + 24. Suppose -f*d + 5 = -3*d, -a + d = -25. What are the prime factors of a?
2, 13
Suppose a = -4*m - a + 1258, -951 = -3*m - 3*a. Suppose 4*x + 2*z = m, 2*z = 2*x + 5*z - 156. List the prime factors of x.
2, 3, 13
Let c be 2/(-4)*(2 + 0). Let y be c - 1 - -6 - -83. Suppose 9 + y = 4*t. What are the prime factors of t?
2, 3
Suppose -4066 + 16882 = 16*w. What are the prime factors of w?
3, 89
Suppose -21132 = -3*y - 33*y. What are the prime factors of y?
587
Suppose 10*s - 12*s = -4*t + 748, 5*t - s - 938 = 0. List the prime factors of t.
2, 47
Let c(o) = -o**3 - 11*o**2 + 105*o + 48. What are the prime factors of c(-22)?
2, 1531
Suppose 4*a - 4*v - 40 = a, 2*a - 21 = -3*v. Let p = 13 - a. Suppose 5*l + 26 = n, p + 1 = l. List the prime factors of n.
2, 3
Suppose 5*d = -0*d + 765. List the prime factors of d.
3, 17
Let m(g) = 28*g**2 - 7*g + 7. List the prime factors of m(3).
2, 7, 17
Let t be (3 + 0)*(-42)/9. Let g = t + 61. What are the prime factors of g?
47
List the prime factors of (-3566)/(-20) + (-123)/410.
2, 89
Let v(a) = a**2 + 4*a - 16. Let b be v(-7). Suppose -39 - 6 = -b*w. List the prime factors of w.
3
Let h = 47 - 46. List the prime factors of 7/((-7)/(-82)) - h.
3
Suppose 0 = x + x - 4. Let v = -32 + 37. What are the prime factors of 63/5 + x/v?
13
Let h(j) = -2*j + 4. Let f be h(2). Suppose -3*d + 6 + 3 = f. Suppose d*y - 9 = 66. What are the prime factors of y?
5
Let q = -50 - -47. Let y(r) = -60*r - 18. What are the prime factors of y(q)?
2, 3
Let g(k) = 19*k**2 - 6*k - 6. Let c be g(-3). Suppose -3*a = 3*w - 6*w - c, -2*a - 2*w = -142. List the prime factors of a.
2, 3, 11
Suppose -19*g - 28 = -12*g. List the prime factors of (-347)/g + 4/(16/1).
3, 29
Let h be ((-8)/6)/((-6)/522). Let r = -47 + h. Suppose -u + 43 = -2*g, 297 - r = 5*u + 3*g. List the prime factors of u.
3, 5
Suppose 13*s - 40 = -1. Suppose -s*y = -5*y + 4*c + 324, -c = -3*y + 486. List the prime factors of y.
2, 3
Let n(w) = 20*w + 31 - 8*w - 11*w. What are the prime factors of n(-9)?
2, 11
Let r(o) = 3*o**2 - 17*o + 16. List the prime factors of r(14).
2, 3, 61
Let w(u) = -u**2 - 10 - 5 + 9*u + 3. Let j(l) = 2*l**2 - 19*l + 25. Let a(q) = 3*j(q) + 5*w(q). List the prime factors of a(11).
2
Suppose 39 = -3*z - 0*z. Let s(d) = 2*d**3 - 7*d**2 + 2*d - 7. Let u be s(4). Let b = u + z. What are the prime factors of b?
2
Let l = 35 + -35. Let d(i) = 2*i + 17. What are the prime factors of d(l)?
17
Let z(q) = 3*q - 2*q + 0*q - 108 + 187. Let a be z(0). Let f = a + -45. What are the prime factors of f?
2, 17
Let w = 316 - 172. Suppose -w = -4*f - 0*f. Let o = -12 + f. List the prime factors of o.
2, 3
Suppose 2*a + 2457 = 9*a. Suppose 8 - a = -7*y. List the prime factors of y.
7
Suppose 5*z - 23 = 52. Let m be (46/69)/(4/(-18)). What are the prime factors of (1 + z/(-9))*m?
2
What are the prime factors of (-6629)/(-5) - (36/20 - 1)?
5, 53
Let z(x) = 8*x**3 - 4*x**2 + 44*x - 14. What are the prime factors of z(7)?
2, 7, 29
Suppose 0 = g - 0*g - 2*l - 248, -l = -2*g + 484. List the prime factors of g.
2, 3, 5
Suppose -4*j + 6 = -2*t, 0 = 5*j - 3*t + 2*t - 15. Suppose 3*y - 3 + 12 = -3*o, 3*o = -j*y - 14. Suppose o*q = 3*q - 26. List the prime factors of q.
2, 13
Let k(q) = -q**3 - 3*q**2 - 3*q - 2. Let z be k(-2). Suppose z*u = -5*u + 95. List the prime factors of u.
19
Let d be 0 - (12 + 2 + 2). What are the prime factors of (d*3 - -4)/(-2)?
2, 11
Let i = -85 - -157. Let p = i + -41. List the prime factors of p.
31
Let v be (19 - 20)/(2 - (-919)/(-459)). Suppose 2*h - 642 = -4*z, z + 3*h = 4*z - v. List the prime factors of z.
2, 79
Let g be 764/(-16) - (-5)/(-20). Let s be (g/(-32))/((-1)/(-2)). Suppose 4*i = -s*r + 5*i + 35, -2*r + 2*i + 22 = 0. What are the prime factors of r?
2, 3
Let a = -23 - -62. Let s = -65 + a. List the prime factors of 3/1 - s/1.
29
Let w(n) = -n**2 + 5*n - 2. Let t be w(5). List the prime factors of t - -4 - (-1 + -16).
19
Suppose 11*s - 72 = 2*s. Suppose 0 = -s*b + 14*b - 348. What are the prime factors of b?
2, 29
Let g(t) = 13*t**2 - 3*t**3 + t + 4*t**3 - 15*t**2 + 1. Let y be g(3). Suppose -m + y - 2 = 2*b, 3*b = -4*m + 24. List the prime factors of b.
2
Suppose -5*f = -2*z + 31, 0*f + 22 = -2*f + 4*z. Let g = 8 + f. Suppose -a + t = -2*t - 2, 0 = -g*a - t + 6. What are the prime factors of a?
2
Let n = 31 + -28. Suppose 4*d - y - 37 = 0, -d + 5 = n*y - 1. What are the prime factors of (-2)/d + (-380)/(-9)?
2, 3, 7
Suppose -3*x - 81 = -c - 17, 0 = -5*c + 5*x + 370. List the prime factors of c*(-18)/24*-4.
3, 79
Suppose -2*o - 586 = -b, -1753 = -b - 2*b + o. What are the prime factors of b?
2, 73
Suppose 3*k - 68094 = -10*k. List the prime factors of k.
2, 3, 97
Suppose -3*l + 3*j = 18, -5*l + 2*j = -5 + 35. Let r(y) = 1. Let k(w) = 8*w + 14. Let h(m) = -k(m) + 8*r(m). List the prime factors of h(l).
2, 3, 7
Let k(z) = -z + 10. Let p be k(6). Let d = 20 - p. Let y = d + -11. What are the prime factors of y?
5
Let r(f) = 353*f - 517. What are the prime factors of r(9)?
2, 5, 7, 19
Suppose 3*n - 23 = 2*n. Suppose -n = r - 73. Li